{"id":494,"date":"2025-08-12T16:30:33","date_gmt":"2025-08-12T19:30:33","guid":{"rendered":"https:\/\/ppcomp.ufape.edu.br\/?page_id=494"},"modified":"2026-03-07T16:51:11","modified_gmt":"2026-03-07T19:51:11","slug":"turmas","status":"publish","type":"page","link":"https:\/\/ppcomp.ufape.edu.br\/?page_id=494","title":{"rendered":"Hor\u00e1rio"},"content":{"rendered":"\n<p class=\"has-medium-font-size\"><strong>Hor\u00e1rio 2026.1<\/strong><\/p>\n\n\n\n<p>O(A) discente deve discutir com o(a) orientador(a) sobre quais disciplinas dever\u00e1 se matricular no semestre letivo 2026.1. No entanto, \u00e9 importante ler a p\u00e1gina de Informa\u00e7\u00f5es Gerais, a qual detalha o quantitativo total de cr\u00e9ditos exigidos.<\/p>\n\n\n\n<figure class=\"wp-block-image size-large\"><img loading=\"lazy\" decoding=\"async\" width=\"1024\" height=\"768\" src=\"https:\/\/ppcomp.ufape.edu.br\/wp-content\/uploads\/2026\/03\/Grade-de-Horarios-PPCOMP-2026.1-1024x768.jpg\" alt=\"\" class=\"wp-image-650\" srcset=\"https:\/\/ppcomp.ufape.edu.br\/wp-content\/uploads\/2026\/03\/Grade-de-Horarios-PPCOMP-2026.1-1024x768.jpg 1024w, https:\/\/ppcomp.ufape.edu.br\/wp-content\/uploads\/2026\/03\/Grade-de-Horarios-PPCOMP-2026.1-300x225.jpg 300w, https:\/\/ppcomp.ufape.edu.br\/wp-content\/uploads\/2026\/03\/Grade-de-Horarios-PPCOMP-2026.1-768x576.jpg 768w, https:\/\/ppcomp.ufape.edu.br\/wp-content\/uploads\/2026\/03\/Grade-de-Horarios-PPCOMP-2026.1-1536x1152.jpg 1536w, https:\/\/ppcomp.ufape.edu.br\/wp-content\/uploads\/2026\/03\/Grade-de-Horarios-PPCOMP-2026.1.jpg 2006w\" sizes=\"auto, (max-width: 1024px) 100vw, 1024px\" \/><\/figure>\n\n\n\n<p>Considerando que as disciplinas de T\u00f3picos Especiais podem abordar diferentes tem\u00e1ticas, apresentamos abaixo as respectivas ementas para este semestre:<\/p>\n\n\n\n<p><a href=\"https:\/\/ppcomp.ufape.edu.br\/wp-content\/uploads\/2026\/03\/Disciplina-UFAPE-EngenhariaSWBaseadaemEvidencias.pdf\" data-type=\"link\" data-id=\"https:\/\/ppcomp.ufape.edu.br\/wp-content\/uploads\/2026\/03\/Disciplina-UFAPE-EngenhariaSWBaseadaemEvidencias.pdf\">T\u00f3picos Especiais em SC I (Engenharia de Software Baseada em Evid\u00eancias)<\/a><\/p>\n\n\n\n<p><a href=\"https:\/\/ppcomp.ufape.edu.br\/wp-content\/uploads\/2026\/03\/Ementa_Fundamentos_da_Computacao_Quantica-PPCOMP.pdf\" data-type=\"link\" data-id=\"https:\/\/ppcomp.ufape.edu.br\/wp-content\/uploads\/2026\/03\/Ementa_Fundamentos_da_Computacao_Quantica-PPCOMP.pdf\">T\u00f3picos Especiais em SC II (Fundamentos da Computa\u00e7\u00e3o Qu\u00e2ntica)<\/a><\/p>\n\n\n\n<p><\/p>\n\n\n\n<p class=\"has-medium-font-size\"><\/p>\n","protected":false},"excerpt":{"rendered":"<p>Hor\u00e1rio 2026.1 O(A) discente deve discutir com o(a) orientador(a) sobre quais disciplinas dever\u00e1 se matricular no semestre letivo 2026.1. No entanto, \u00e9 importante ler a p\u00e1gina de Informa\u00e7\u00f5es Gerais, a qual detalha o quantitativo total de cr\u00e9ditos exigidos. Considerando que as disciplinas de T\u00f3picos Especiais podem abordar diferentes tem\u00e1ticas, apresentamos abaixo as respectivas ementas para [&hellip;]<\/p>\n","protected":false},"author":2,"featured_media":0,"parent":0,"menu_order":0,"comment_status":"closed","ping_status":"closed","template":"","meta":{"elearning_container_layout":"tg-site-layout--default","elearning_sidebar_layout":"tg-site-layout--default","elearning_remove_content_margin":false,"elearning_sidebar":"default","elearning_transparent_header":"customizer","elearning_logo":0,"elearning_header_style":"default","elearning_menu_item_color":"","elearning_menu_item_hover_color":"","elearning_menu_item_active_color":"","elearning_menu_item_active_style":"","elearning_page_header":true,"footnotes":""},"class_list":["post-494","page","type-page","status-publish","hentry"],"_links":{"self":[{"href":"https:\/\/ppcomp.ufape.edu.br\/index.php?rest_route=\/wp\/v2\/pages\/494","targetHints":{"allow":["GET"]}}],"collection":[{"href":"https:\/\/ppcomp.ufape.edu.br\/index.php?rest_route=\/wp\/v2\/pages"}],"about":[{"href":"https:\/\/ppcomp.ufape.edu.br\/index.php?rest_route=\/wp\/v2\/types\/page"}],"author":[{"embeddable":true,"href":"https:\/\/ppcomp.ufape.edu.br\/index.php?rest_route=\/wp\/v2\/users\/2"}],"replies":[{"embeddable":true,"href":"https:\/\/ppcomp.ufape.edu.br\/index.php?rest_route=%2Fwp%2Fv2%2Fcomments&post=494"}],"version-history":[{"count":10,"href":"https:\/\/ppcomp.ufape.edu.br\/index.php?rest_route=\/wp\/v2\/pages\/494\/revisions"}],"predecessor-version":[{"id":651,"href":"https:\/\/ppcomp.ufape.edu.br\/index.php?rest_route=\/wp\/v2\/pages\/494\/revisions\/651"}],"wp:attachment":[{"href":"https:\/\/ppcomp.ufape.edu.br\/index.php?rest_route=%2Fwp%2Fv2%2Fmedia&parent=494"}],"curies":[{"name":"wp","href":"https:\/\/api.w.org\/{rel}","templated":true}]}}